e -4*a + 5*c + g = 0, -4*c = -a - 2*c + 20. Suppose 0*o = 3*o - 3. Calculate the greatest common divisor of o and a.
1
Let b = -40 + 70. Calculate the greatest common divisor of 75 and b.
15
Let o be (-3)/(0 + -3) + 2. Let g be o/2*(-12)/(-9). Let f(b) = 2*b**2 + 4*b - 3. Let y be f(g). What is the highest common factor of y and 26?
13
Let x be (0/1 + -78)/(3 - 5). What is the highest common factor of x and 3?
3
Let j(a) = 2*a**2 - 3*a. Let v be j(3). Let d(o) = -14 + 2 + o**3 - 12*o**2 + 13*o + 8. Let z be d(11). What is the highest common factor of z and v?
9
Suppose 0*a + 6 = -3*a. Let c(t) = 3*t**2 + t. Let r be c(a). Calculate the greatest common divisor of 90 and r.
10
Let x be (-65)/((-45)/(-10) - 5). Calculate the greatest common factor of x and 10.
10
Let p be ((-3)/(-6))/(3/18). Suppose 0 = -2*v + p*v - 68. Let w = v - 38. Calculate the greatest common divisor of w and 6.
6
Suppose -2*o = -v + 3*v - 144, 5*o - 2*v - 346 = 0. What is the highest common divisor of o and 10?
10
Let q be ((-4)/3)/(4/(-6)). Suppose 3*m - 3 = 2*p, -3*p + p + 2*m - q = 0. Let d(b) = -b + 12. Let j be d(p). Calculate the highest common divisor of 24 and j.
12
Let v(p) = 10*p + 6. Let d be v(3). Let m(h) = -h**2 + h + 18. Let f be m(0). What is the highest common divisor of f and d?
18
Let h = 140 + -105. What is the highest common factor of h and 15?
5
Suppose -104 = -8*d - 24. What is the greatest common factor of 80 and d?
10
Suppose -3*d + 7*d = -2*z + 134, -2*z = d - 26. Calculate the highest common divisor of d and 12.
12
Let i(t) = 130*t**2 + t - 1. Let n be i(1). Calculate the highest common factor of n and 52.
26
Suppose 48 = 10*z - 4*z. What is the greatest common factor of z and 20?
4
Let u be 2*(39/6)/(-1). Let d = -23 - u. Let w = d + 23. Calculate the highest common factor of w and 65.
13
Suppose 29 = 5*y - 4*y. Let v(z) = 31*z - 10. Let s be v(5). What is the highest common divisor of s and y?
29
Suppose 0 = o + 1 - 10. Calculate the highest common factor of o and 1.
1
Let v be 6 + 3/(9/(-6)). Let i be (3 + -1)/1*v. Let n = i + -4. Calculate the highest common divisor of n and 4.
4
Let w(f) = f + 1. Let r be w(-1). Suppose -4*j + i - 2*i - 175 = r, 134 = -3*j + 2*i. Let t be (-26 + 5)/(6/j). What is the highest common factor of t and 14?
14
Let t be (-92)/(-3) - 2/(-6). Let a be (60/18)/((-2)/(-3)). Suppose 6 = -a*f + t. What is the highest common divisor of 40 and f?
5
Suppose 3 = n - 0. Calculate the highest common factor of 33 and n.
3
Let k(c) = c**3 + 5*c**2 - 4*c - 3. Let h be k(-3). Let g be 103/5 - h/45. What is the highest common divisor of 8 and g?
4
Let p be (0/2)/(-4) - -22. What is the highest common divisor of p and 88?
22
Suppose -3*m - 4*f + 235 = -0*f, 2*f - 160 = -2*m. Let z be 2 + 15 + -1 + 1. Calculate the highest common divisor of m and z.
17
Let s(n) = n**2 + 2*n + 2. Let k be s(-2). Calculate the highest common divisor of 18 and k.
2
Let c be (6 + 2)*(0/3 + 3). What is the highest common divisor of c and 3?
3
Let k(h) = h**3 + 2*h**2 - 1. Let f be k(1). Calculate the highest common factor of f and 4.
2
Suppose 5*k = -3*a + 435, 5*k + 0*k = 3*a + 405. What is the highest common factor of 21 and k?
21
Suppose 0 = -u - u + 144. Calculate the greatest common divisor of u and 18.
18
Let t = 10 + -7. Suppose t*y - 6 = 30. Calculate the greatest common factor of 8 and y.
4
Suppose -4*m - 46 = 2*k - 4*k, -4*m = -4*k + 72. What is the highest common divisor of 13 and k?
13
Suppose 2*h = -z + 129, -5*h + 2*z + 277 = -32. Suppose k - 9 = -0*k - l, 15 = k + 4*l. What is the greatest common divisor of h and k?
7
Suppose -128 = -9*m + 7. Calculate the highest common divisor of m and 45.
15
Suppose 11 + 9 = 4*q. Let w be 1 - q/((-15)/27). Calculate the greatest common factor of 20 and w.
10
Suppose 2*t - 6*t = -4. What is the highest common factor of t and 4?
1
Let g be 4/(-10)*((-9)/(-9) + -116). What is the greatest common factor of g and 92?
46
Suppose -4*o + 18 = -2*o. Let l be 91 - 0/(o/3). Let d be (-1)/(-3) - 38/(-3). Calculate the highest common divisor of l and d.
13
Let k(n) = -3*n - 19. Let q be k(-8). Suppose -t = -q*t + 36. What is the greatest common divisor of t and 18?
9
Let o be -1 + 1 - 0/3. Suppose -6 = -o*w - w. Calculate the highest common divisor of w and 42.
6
Let s(w) = w**3 - w**2 + w + 6. Let l be s(0). Calculate the highest common divisor of l and 4.
2
Let n be (-33)/7 - (-10)/(-35). Let d be (15 + n)*1*3. Calculate the greatest common divisor of 75 and d.
15
Let l = 8 - 5. Suppose -2*m + 15 = l*m. Let z be ((-1)/(-3))/((-1)/(-9)). Calculate the highest common factor of z and m.
3
Let x(a) = 9*a**2 - 1. Let m = -4 + 7. Suppose 0*d = m*d + 3*o + 12, 8 = d - 3*o. Let l be x(d). What is the greatest common factor of l and 32?
8
Suppose 5*c - 5*p + 30 = 0, c + p = 3*p - 11. Suppose 4 = -5*o + 9*o. Let v = o - c. What is the highest common divisor of v and 3?
1
Suppose 4 = -s + 2*s, -5*s - 5 = -p. Calculate the highest common divisor of p and 20.
5
Let y(g) = 6 + 0*g**2 + 0 + 6*g + g**2. Suppose 0 = u + 3*x + 3, -1 = 2*u + 3*x + 8. Let c be y(u). Calculate the greatest common divisor of c and 30.
6
Let l be -5 + 2 - -6 - 1. Suppose 0 = -l*n + 6*n - 484. Calculate the highest common factor of n and 11.
11
Suppose -16 = -4*n, 2*v - 142 - 34 = 4*n. Suppose -4*f + 2*f + v = 0. Let q = 10 + 6. Calculate the highest common factor of q and f.
16
Suppose -i + 11 + 7 = 0. Calculate the greatest common factor of i and 54.
18
Let x = 6 + -9. Let q = x - -5. Suppose -s + q = -8. Calculate the greatest common divisor of s and 70.
10
Suppose 71 = 5*q + 3*m + 16, -3*q - 2*m + 33 = 0. What is the highest common divisor of 22 and q?
11
Let k = -21 - -42. What is the highest common factor of k and 3?
3
Let k(n) = -10*n + 3*n**2 - 6 - 3*n**2 - n**2. Let a be k(-8). Calculate the highest common divisor of 70 and a.
10
Suppose 169 = 12*i + i. What is the greatest common factor of i and 117?
13
Let a be (-8)/(2/(-1) - 0). Suppose a*c - 108 = -4*f + 3*c, -3*f - c = -80. What is the highest common factor of 4 and f?
4
Let y(q) be the third derivative of -q**4/6 + q**3/3 - q**2. Let g be y(-2). Let w(j) = 4*j + 4. Let n be w(4). What is the greatest common divisor of n and g?
10
Let z = 8 - 4. Suppose -4*y - 3 = -y + 3*v, z = -y - 2*v. Suppose 2*b - 3*f = 2*f + 23, -4*f = -y*b + 20. Calculate the greatest common divisor of 36 and b.
4
Let q be (0 - 10)*18/(-4). Suppose z = 11 + 14. Suppose 0 = -2*d + 11 + z. What is the highest common factor of q and d?
9
Let o be (-420)/(-9)*(-6)/(-4). Suppose 5*y = -0*y + o. Suppose 300 = 2*v + 76. Calculate the greatest common divisor of y and v.
14
Let i(v) = v**3 + 2*v**2 - 2. Let t be i(-2). Let w be 20*-1*2/t. Calculate the highest common factor of w and 8.
4
Suppose 5*b - 5*i = 13 - 3, -3*b - 5*i + 22 = 0. What is the highest common factor of 8 and b?
4
Let v(p) = p**3 - 19*p**2 - 2*p + 43. Let i be v(19). What is the greatest common factor of 55 and i?
5
Suppose -2*m - 3*m = a + 46, -2*m + 74 = -4*a. Let b = a - -78. Let y = b - 39. What is the highest common divisor of 126 and y?
18
Suppose -2*r = -m - 65, -m = r + 10 - 44. What is the greatest common factor of r and 3?
3
Let l = -67 - -42. Let m be ((-10)/l)/(1/20). Calculate the highest common factor of m and 12.
4
Let u(p) = -p**2 - 9*p + 1. Let k be u(-9). Suppose -f - k = 22. Let r = f + 41. What is the greatest common factor of 2 and r?
2
Let n(w) = -w + 14. Let d be n(12). Let s be (-4)/22 + 272/44. What is the highest common divisor of s and d?
2
Let n = -48 + 136. Let t = 148 - n. Calculate the greatest common factor of t and 15.
15
Let s = -8 + 24. Calculate the greatest common divisor of s and 32.
16
Suppose 0*f + 2 = 2*f. Let p be ((-2)/f - 3)*-1. Calculate the greatest common divisor of 20 and p.
5
Suppose 51*o + 24 = 53*o. What is the greatest common divisor of 192 and o?
12
Suppose -22 - 65 = -3*g. Let w(s) = s**2 - 4*s - 1. Let n be w(4). Let y = g - n. Calculate the greatest common factor of 12 and y.
6
Suppose 5*q = 3*b - 4*b - 15, 0 = 5*b - 5*q - 75. What is the greatest common divisor of 80 and b?
10
Let l = -20 - -25. Let u(y) = -y**3 + 7*y**2 + y + 13. Let n be u(6). Calculate the greatest common divisor of n and l.
5
L